divisor of v and u?
17
Suppose -f = -2*j - 1, -j = 2*j + f - 1. Let d = 16 - j. Suppose -86 = -2*w - 78. Calculate the greatest common divisor of w and d.
4
Let x(d) = -d**3 + 11*d**2 - 5*d - 12. Let h be x(10). Calculate the greatest common factor of 57 and h.
19
Let k be (2 - (3 - 1))/(-2). Suppose k*b = b - 6. What is the highest common divisor of b and 66?
6
Suppose 3*c - 4 = -c. What is the greatest common divisor of c and 4?
1
Let u(z) = z**3 - z**2 + 2*z - 3. Let x be u(3). Let w = 56 + -79. Let t = 37 + w. Calculate the highest common divisor of x and t.
7
Suppose x = 5*x - 124. Calculate the highest common factor of 31 and x.
31
Let z = 59 - 42. What is the highest common divisor of z and 153?
17
Let u(z) = -2*z - 4. Let r = -16 - -6. Let w be u(r). What is the highest common factor of 2 and w?
2
Suppose -26*f + 13*f + 988 = 0. Calculate the greatest common divisor of f and 152.
76
Let v(t) = -3*t + 6*t - 3*t + 4*t - 30. Let y be v(12). Calculate the highest common divisor of y and 36.
18
Suppose 2*x = -5*p - 2*x + 43, 5*p - x = 58. What is the greatest common factor of p and 44?
11
Let t = -1 - -12. Let d = -6 + t. Calculate the greatest common factor of 5 and d.
5
Let j be 3/(2/(-100)*-2). Suppose -y + j = 2*g, -y - 5*g + 53 + 37 = 0. What is the greatest common divisor of 26 and y?
13
Let l(b) = -21*b + 42. Let o be l(-11). What is the greatest common divisor of 39 and o?
39
Let m(f) = f**2 + 4*f + 7. Suppose -11 = -5*d - 1, 2*x = -4*d - 2. Let a be m(x). Calculate the highest common divisor of a and 18.
6
Suppose 3*l - 1 = 5. Suppose a - 8 = -3*a + l*m, -3*m + 6 = 3*a. Let w = -1 + 2. Calculate the greatest common divisor of w and a.
1
Let o = -108 + 207. Calculate the highest common divisor of o and 9.
9
Let j(o) = -85*o + 9. Let v be j(-6). Suppose v = 4*a + 5*z, -4*z - 615 = -5*a + z. What is the highest common divisor of a and 18?
18
Suppose 15*m - 18*m = -39. What is the highest common divisor of 65 and m?
13
Suppose -5*t - 22 = -4*t. Let z be t/4*(-5 - -3). Let p(d) = -3*d + 7. Let r be p(-5). What is the greatest common factor of r and z?
11
Let x = -10 - -138. Suppose 34 = 2*t - x. Let s = 19 + -10. What is the highest common divisor of t and s?
9
Suppose 491 = 5*y - 3*o - 398, 3*y - 513 = -5*o. Calculate the highest common factor of 16 and y.
16
Let w(i) = -i**2 + 6*i + 9. Let y be w(5). What is the highest common factor of 126 and y?
14
Suppose 0 = 7*l - 3*l - 60. Let w(o) = o + 11. Let t be w(0). Let j = t + -5. Calculate the highest common factor of l and j.
3
Let m = 14 + 3. Let a be (238/6)/(2/6). Calculate the greatest common divisor of m and a.
17
Suppose 4*y + 192 = 5*y. What is the greatest common divisor of y and 12?
12
Suppose 4*m = k - 57, -4*m + 3*m - 2*k - 12 = 0. Let t be (-573)/(-21) - (-4)/m. What is the highest common factor of t and 18?
9
Suppose -412 = -4*t + 4*z, 0 = -3*t + 3*z - 4*z + 313. What is the highest common divisor of 13 and t?
13
Let y be 3/(-6)*2 - -13. Let t(x) = 18*x**2 - 2*x - 1. Let p be t(-1). Let r = p - -17. What is the greatest common divisor of y and r?
12
Let s(x) = -2*x - 5. Let v(w) = w**2 - 10*w - 5. Let q be v(10). Let h be s(q). Calculate the highest common divisor of 1 and h.
1
Let g = 27 - 14. Suppose f = -g + 33. Calculate the highest common factor of 5 and f.
5
Suppose 8 + 62 = 7*i. What is the greatest common factor of 90 and i?
10
Let k(t) be the first derivative of -t**4/4 + 4*t**3/3 + t**2/2 - 4*t - 3. Let c be k(3). What is the greatest common divisor of 64 and c?
8
Let l = -116 - -173. Calculate the highest common factor of l and 228.
57
Suppose 0 = -4*u - 2*i + 202, -2*i + 4*i = 2. Calculate the greatest common factor of u and 50.
50
Let q = 2 - 7. Let j(y) be the second derivative of -y**3/6 + 7*y**2/2 - y. Let t be j(q). What is the greatest common divisor of 132 and t?
12
Suppose -5*j - 13 + 33 = 0. Suppose 3*q = -5*m - 5, -3*m - 39 = -j*q - 7. Suppose -5*v = q - 60. What is the highest common factor of 22 and v?
11
Let y be 5 - ((-2)/(-4)*6)/1. Calculate the highest common divisor of y and 2.
2
Suppose 172 = 4*v - 4*a, -3*v + 2*a + 143 = 6*a. Suppose 0*c + 36 = 4*c. What is the greatest common divisor of c and v?
9
Let d(q) = -q**3 + 20*q**2 - 8*q + 6. Let n be d(19). What is the greatest common factor of 43 and n?
43
Let g be 6/4 + 15/6. Suppose 3*v - g + 19 = 4*p, 5*p + 4*v = 11. What is the highest common divisor of p and 1?
1
Suppose i - 16 = -3*i. Suppose -i*h + 3 = -1. Suppose 3*w + h = 43. Calculate the highest common divisor of w and 98.
14
Let d = 84 + -70. What is the highest common factor of d and 77?
7
Let h(x) = -x**3 - 7*x**2 - 6*x + 2. Let g be h(-6). Suppose 6 = g*k - 18. Calculate the highest common factor of 18 and k.
6
Let i = 62 - 62. Suppose 3*a + 0 - 3 = 0. Let o be i/a + (0 - -5). What is the highest common divisor of o and 35?
5
Let r = -12 - -16. Let q(t) = t**2 - 2*t + 1. Let h be q(r). What is the greatest common divisor of h and 6?
3
Let m(s) = s**3 + 8*s**2 + 8*s + 4. Let q be m(-7). Let r be (0 - -14)/(q - -5). What is the highest common factor of 35 and r?
7
Suppose 3*w + 0*d + d - 83 = 0, -106 = -4*w + d. Let s(b) = 2*b**3 + b**2 - b. Let m be s(2). What is the highest common divisor of w and m?
9
Let m be (12/10)/(8/20). Suppose -27 = -2*a + l - 0*l, 0 = a - m*l - 11. Suppose w + w = 70. What is the highest common divisor of a and w?
7
Let g(i) = i**3 + i**2 - 4*i - 4. Let c be g(-3). Let q(t) = t**3 + 12*t**2 + 13*t - 14. Let h be q(c). What is the greatest common divisor of 7 and h?
7
Let i be (7/(-21))/((-2)/42). Suppose i*d - 8*d + 48 = 0. Calculate the greatest common divisor of d and 32.
16
Suppose 1 = v + 4*a - 0, -a - 11 = -2*v. Let t be 54*v/(10/(-4)). Let z = t + 156. What is the highest common divisor of 12 and z?
12
Let f(a) = -a**3 + 5*a**2 + a - 3. Let v be f(5). Let t be 2*(-3)/(-6)*3. Let o be 0 + (-2 - -1) + t. What is the highest common factor of o and v?
2
Let c = -3 + 25. What is the highest common factor of c and 22?
22
Suppose -35 = -2*m + 5. What is the highest common divisor of 10 and m?
10
Suppose -7*g + 45 = -2*g - 5*c, 0 = -5*c - 10. Let l be (g/3)/(5/(-1005)). Let o = -280 - l. Calculate the greatest common factor of 21 and o.
21
Suppose 2*l = 15 + 27. Calculate the greatest common divisor of l and 7.
7
Suppose 0 = -3*c, 5*k + 2*c - 50 = -0*c. Let d = 8 + 62. Calculate the highest common factor of k and d.
10
Suppose -2*k - 7 + 95 = 0. What is the greatest common factor of 66 and k?
22
Suppose 5*f = -0*f - 3*x + 452, -459 = -5*f + 4*x. Suppose -2*u + 7 = -1. Suppose u*l - 68 + 16 = 0. Calculate the highest common divisor of l and f.
13
Suppose -5*b = 11 - 221. Let d = -1 + -5. Let h = b + d. What is the greatest common divisor of 90 and h?
18
Let t be 30 + 0/(-4) + 1. What is the greatest common divisor of t and 31?
31
Let w(y) = 3*y + 3. Let t be w(4). Let s be 27/5 - (-4)/(-10). What is the greatest common factor of t and s?
5
Suppose -3*z = -23 - 382. Suppose 0*t = 5*t - z. Let a be (-9)/(-1 + 1 + -1). Calculate the highest common factor of t and a.
9
Let x be (0 - -3)/(-12)*4. Let c be -14*x/6*3. Calculate the greatest common factor of 77 and c.
7
Suppose -5*t = -4*t - 5. Suppose 0 = t*k - k - 68. Calculate the highest common factor of k and 17.
17
Let l = -330 - -810. Suppose -2*n + 175 = 4*p - 59, -4*n + l = 4*p. Let v = -25 + n. What is the greatest common divisor of 14 and v?
14
Suppose -h + 0*h + 154 = 0. Let n = -39 + 61. Calculate the highest common factor of h and n.
22
Suppose -3*f + 53 + 43 = 0. Suppose -2*y - 4*w = -f, -3*y + 24 = -w - w. Let g be 10/25 - (-156)/y. What is the greatest common factor of 48 and g?
16
Let m(l) = l + 20. Let t = -9 + 9. Let u be m(t). Let b be (-4)/10 - 260/(-25). Calculate the highest common factor of b and u.
10
Let x(k) = -3*k + 1. Let h be x(-1). Calculate the greatest common divisor of 1 and h.
1
Let p(f) = 22*f**2 - 7*f - 6. Let a(m) = -21*m**2 + 6*m + 5. Let l(d) = -6*a(d) - 5*p(d). Let w be l(-2). What is the greatest common divisor of w and 44?
22
Let d = 29 + -13. Suppose -5*y = -2*y + k - 673, -y = -k - 223. Suppose t = -t + y. Calculate the greatest common divisor of d and t.
16
Suppose 3*p + 357 = 5*t, 3*t + 7*p - 2*p - 221 = 0. Calculate